{"id":4791,"date":"2026-02-02T10:31:06","date_gmt":"2026-02-02T09:31:06","guid":{"rendered":"https:\/\/sesto.sklep.pl\/?post_type=product&#038;p=4791"},"modified":"2026-02-02T10:34:13","modified_gmt":"2026-02-02T09:34:13","slug":"dres-wyjsciowa-piatto","status":"publish","type":"product","link":"https:\/\/sesto.sklep.pl\/index.php\/produkt\/dres-wyjsciowa-piatto\/","title":{"rendered":"Dres Wyj\u015bciowa &#8211; Piatto"},"content":{"rendered":"","protected":false},"excerpt":{"rendered":"<p>Bluza reprezentacyjna o gramaturze 240 g\/m\u00b2 zapewnia wygod\u0119 i trwa\u0142o\u015b\u0107. Oddychaj\u0105cy materia\u0142 skutecznie odprowadza wilgo\u0107, a dopasowany kr\u00f3j podkre\u015bla sportowy styl. Idealna na ch\u0142odniejsze dni, wytrzyma\u0142a i odporna na pranie, doskonale sprawdzi si\u0119 jako oficjalny str\u00f3j dru\u017cynowy.<\/p>\n","protected":false},"featured_media":4804,"comment_status":"open","ping_status":"closed","template":"","meta":[],"product_brand":[],"product_cat":[88,52],"product_tag":[],"class_list":{"0":"post-4791","1":"product","2":"type-product","3":"status-publish","4":"has-post-thumbnail","6":"product_cat-dres-wyjsciowy","7":"product_cat-mecz","9":"first","10":"instock","11":"taxable","12":"shipping-taxable","13":"purchasable","14":"product-type-variable"},"jetpack_sharing_enabled":true,"_links":{"self":[{"href":"https:\/\/sesto.sklep.pl\/index.php\/wp-json\/wp\/v2\/product\/4791","targetHints":{"allow":["GET"]}}],"collection":[{"href":"https:\/\/sesto.sklep.pl\/index.php\/wp-json\/wp\/v2\/product"}],"about":[{"href":"https:\/\/sesto.sklep.pl\/index.php\/wp-json\/wp\/v2\/types\/product"}],"replies":[{"embeddable":true,"href":"https:\/\/sesto.sklep.pl\/index.php\/wp-json\/wp\/v2\/comments?post=4791"}],"version-history":[{"count":2,"href":"https:\/\/sesto.sklep.pl\/index.php\/wp-json\/wp\/v2\/product\/4791\/revisions"}],"predecessor-version":[{"id":4811,"href":"https:\/\/sesto.sklep.pl\/index.php\/wp-json\/wp\/v2\/product\/4791\/revisions\/4811"}],"wp:featuredmedia":[{"embeddable":true,"href":"https:\/\/sesto.sklep.pl\/index.php\/wp-json\/wp\/v2\/media\/4804"}],"wp:attachment":[{"href":"https:\/\/sesto.sklep.pl\/index.php\/wp-json\/wp\/v2\/media?parent=4791"}],"wp:term":[{"taxonomy":"product_brand","embeddable":true,"href":"https:\/\/sesto.sklep.pl\/index.php\/wp-json\/wp\/v2\/product_brand?post=4791"},{"taxonomy":"product_cat","embeddable":true,"href":"https:\/\/sesto.sklep.pl\/index.php\/wp-json\/wp\/v2\/product_cat?post=4791"},{"taxonomy":"product_tag","embeddable":true,"href":"https:\/\/sesto.sklep.pl\/index.php\/wp-json\/wp\/v2\/product_tag?post=4791"}],"curies":[{"name":"wp","href":"https:\/\/api.w.org\/{rel}","templated":true}]}}