{"id":371,"date":"2022-02-15T11:15:08","date_gmt":"2022-02-15T10:15:08","guid":{"rendered":"http:\/\/sesto.sklep.pl\/index.php\/produkt\/hoodie-with-logo\/"},"modified":"2025-03-01T16:25:37","modified_gmt":"2025-03-01T15:25:37","slug":"komin-poliestrowy-1","status":"publish","type":"product","link":"https:\/\/sesto.sklep.pl\/index.php\/produkt\/komin-poliestrowy-1\/","title":{"rendered":"Komin poliestrowy Pro"},"content":{"rendered":"<p>Komin elastyczny z nadrukiem z herbem Twojego klubu sportowego. Komin mo\u017ce by\u0107 ca\u0142kowicie zadrukowany, dostosowany do barw klubowych. Idealny na mecze wczesn\u0105 wiosn\u0105 i p\u00f3\u017an\u0105 jesieni\u0105, a teraz mo\u017ce nawet s\u0142u\u017cy\u0107 jako maseczka:)<\/p>\n","protected":false},"excerpt":{"rendered":"<p>This is a simple product.<\/p>\n","protected":false},"featured_media":1755,"comment_status":"open","ping_status":"closed","template":"","meta":[],"product_brand":[],"product_cat":[72,52,22],"product_tag":[],"class_list":{"0":"post-371","1":"product","2":"type-product","3":"status-publish","4":"has-post-thumbnail","6":"product_cat-jesien-zima","7":"product_cat-mecz","8":"product_cat-tre","10":"first","11":"instock","12":"taxable","13":"shipping-taxable","14":"purchasable","15":"product-type-simple"},"jetpack_sharing_enabled":true,"_links":{"self":[{"href":"https:\/\/sesto.sklep.pl\/index.php\/wp-json\/wp\/v2\/product\/371","targetHints":{"allow":["GET"]}}],"collection":[{"href":"https:\/\/sesto.sklep.pl\/index.php\/wp-json\/wp\/v2\/product"}],"about":[{"href":"https:\/\/sesto.sklep.pl\/index.php\/wp-json\/wp\/v2\/types\/product"}],"replies":[{"embeddable":true,"href":"https:\/\/sesto.sklep.pl\/index.php\/wp-json\/wp\/v2\/comments?post=371"}],"version-history":[{"count":1,"href":"https:\/\/sesto.sklep.pl\/index.php\/wp-json\/wp\/v2\/product\/371\/revisions"}],"predecessor-version":[{"id":1762,"href":"https:\/\/sesto.sklep.pl\/index.php\/wp-json\/wp\/v2\/product\/371\/revisions\/1762"}],"wp:featuredmedia":[{"embeddable":true,"href":"https:\/\/sesto.sklep.pl\/index.php\/wp-json\/wp\/v2\/media\/1755"}],"wp:attachment":[{"href":"https:\/\/sesto.sklep.pl\/index.php\/wp-json\/wp\/v2\/media?parent=371"}],"wp:term":[{"taxonomy":"product_brand","embeddable":true,"href":"https:\/\/sesto.sklep.pl\/index.php\/wp-json\/wp\/v2\/product_brand?post=371"},{"taxonomy":"product_cat","embeddable":true,"href":"https:\/\/sesto.sklep.pl\/index.php\/wp-json\/wp\/v2\/product_cat?post=371"},{"taxonomy":"product_tag","embeddable":true,"href":"https:\/\/sesto.sklep.pl\/index.php\/wp-json\/wp\/v2\/product_tag?post=371"}],"curies":[{"name":"wp","href":"https:\/\/api.w.org\/{rel}","templated":true}]}}