{"id":3676,"date":"2025-02-28T18:37:42","date_gmt":"2025-02-28T17:37:42","guid":{"rendered":"https:\/\/sesto.sklep.pl\/?post_type=product&#038;p=3676"},"modified":"2025-03-18T09:10:22","modified_gmt":"2025-03-18T08:10:22","slug":"dres-reglan-arca","status":"publish","type":"product","link":"http:\/\/sesto.sklep.pl\/index.php\/produkt\/dres-reglan-arca\/","title":{"rendered":"Dres Reglan &#8211; Arca"},"content":{"rendered":"","protected":false},"excerpt":{"rendered":"<p>Dres treningowy reglanowy z kr\u00f3tkim zamkiem, wykonany z poliestru 190 g\/m\u00b2, zapewnia wygod\u0119 i swobod\u0119 ruch\u00f3w. Lekki, oddychaj\u0105cy materia\u0142 odprowadza wilgo\u0107, a kr\u00f3tki zamek umo\u017cliwia regulacj\u0119 wentylacji. Wytrzyma\u0142y, odporny na pranie, idealny do intensywnych trening\u00f3w i sportowych aktywno\u015bci.<\/p>\n","protected":false},"featured_media":3650,"comment_status":"open","ping_status":"closed","template":"","meta":[],"product_brand":[],"product_cat":[21,52,22],"product_tag":[],"class_list":{"0":"post-3676","1":"product","2":"type-product","3":"status-publish","4":"has-post-thumbnail","6":"product_cat-dresy","7":"product_cat-mecz","8":"product_cat-tre","10":"first","11":"instock","12":"taxable","13":"shipping-taxable","14":"purchasable","15":"product-type-variable"},"jetpack_sharing_enabled":true,"_links":{"self":[{"href":"http:\/\/sesto.sklep.pl\/index.php\/wp-json\/wp\/v2\/product\/3676","targetHints":{"allow":["GET"]}}],"collection":[{"href":"http:\/\/sesto.sklep.pl\/index.php\/wp-json\/wp\/v2\/product"}],"about":[{"href":"http:\/\/sesto.sklep.pl\/index.php\/wp-json\/wp\/v2\/types\/product"}],"replies":[{"embeddable":true,"href":"http:\/\/sesto.sklep.pl\/index.php\/wp-json\/wp\/v2\/comments?post=3676"}],"version-history":[{"count":1,"href":"http:\/\/sesto.sklep.pl\/index.php\/wp-json\/wp\/v2\/product\/3676\/revisions"}],"predecessor-version":[{"id":3688,"href":"http:\/\/sesto.sklep.pl\/index.php\/wp-json\/wp\/v2\/product\/3676\/revisions\/3688"}],"wp:featuredmedia":[{"embeddable":true,"href":"http:\/\/sesto.sklep.pl\/index.php\/wp-json\/wp\/v2\/media\/3650"}],"wp:attachment":[{"href":"http:\/\/sesto.sklep.pl\/index.php\/wp-json\/wp\/v2\/media?parent=3676"}],"wp:term":[{"taxonomy":"product_brand","embeddable":true,"href":"http:\/\/sesto.sklep.pl\/index.php\/wp-json\/wp\/v2\/product_brand?post=3676"},{"taxonomy":"product_cat","embeddable":true,"href":"http:\/\/sesto.sklep.pl\/index.php\/wp-json\/wp\/v2\/product_cat?post=3676"},{"taxonomy":"product_tag","embeddable":true,"href":"http:\/\/sesto.sklep.pl\/index.php\/wp-json\/wp\/v2\/product_tag?post=3676"}],"curies":[{"name":"wp","href":"https:\/\/api.w.org\/{rel}","templated":true}]}}

<p>Dres treningowy reglanowy z krótkim zamkiem, wykonany z poliestru 190 g/m², zapewnia wygodę i swobodę ruchów. Lekki, oddychający materiał odprowadza wilgoć, a krótki zamek umożliwia regulację wentylacji. Wytrzymały, odporny na pranie, idealny do intensywnych treningów i sportowych aktywności.</p>
